 + -2 prime?
False
Let m = -40 + 84. Suppose -b + 9 = -m. Is b a prime number?
True
Suppose 5*i + 230 = -4*p, -4*i = 2*p + 159 + 19. Let r = i - -80. Suppose 0*t = -t + r. Is t a prime number?
False
Suppose -3*d = o - 405, -137 = -d + 3*o - 12. Let z = d - 85. Is z prime?
False
Suppose -3*z + 8*z + b = 5435, 1087 = z - 5*b. Is z a composite number?
False
Let v be 3/(3/4*2). Suppose v*m - 5*m = -2*d + 667, -5*d + 3*m = -1690. Is d a composite number?
True
Let i be (1 - 7)*8/6. Let s = i - -12. Is (127/(-2))/((-2)/s) composite?
False
Let t = 531 - -197. Suppose 3*g + 2*u = u + 545, -t = -4*g - 2*u. Is g a composite number?
False
Let z = 0 - 2. Is -1 + (-268)/z - 2 a composite number?
False
Let s(c) = -c**2 - 3*c + 3. Let o be s(-5). Let n(b) = -b + 6. Is n(o) prime?
True
Suppose -3 = -4*h + 3*h. Suppose 0 = -d + 3, -898 = -l - h*l - 2*d. Is l a prime number?
True
Let g(f) = -4*f**2 - 3*f + 2. Let t be g(-3). Let h be 1/(-1) - -2 - t. Let v = -12 + h. Is v prime?
False
Let t be 862*(4/8)/1. Let a = t - 304. Is a composite?
False
Let k(w) = 18*w**3 + w**2 + w - 1. Let z be k(-2). Let a = 3 - z. Is a a prime number?
False
Let m(t) = 46*t - 3. Let c(j) = -j**3 - 7*j**2 - 5*j + 6. Let p be c(-6). Suppose 5*o + 3*s - 10 = 0, 0 = -p*o + 4*o + s - 8. Is m(o) prime?
True
Suppose 3*u + 5 = 4*u. Suppose -5*h + 2*v + 530 = 0, -2*h = 3*h - u*v - 545. Suppose -h = -r - 3*r. Is r a composite number?
True
Let u = 973 + 276. Is u composite?
False
Let j be (6/9)/(2/27). Suppose -4*s + 77 = p, j*s - 4*s - 430 = -5*p. Suppose -5*q + p - 24 = 0. Is q a composite number?
False
Suppose -4*u - 55 = u. Let n(o) = o**2 + 11*o + 6. Let c be n(u). Is 3/c*7*26 a composite number?
True
Let s(o) = 4*o**2 - 9*o + 39. Is s(8) composite?
False
Let o = 3 + -3. Suppose 15 = 5*b - o. Suppose -5*q = -4*q - b. Is q a prime number?
True
Let x = -69 + 124. Is x composite?
True
Let i(t) = t**3 + 4*t**2 + 3*t. Let l be i(-3). Let r(c) = -c**2 + c + 122. Let w be r(l). Let u = 171 - w. Is u a prime number?
False
Suppose 3*q + 906 = 5*g - 2714, 0 = -2*g + q + 1448. Is g/8 + (-1)/(-2) a composite number?
True
Suppose -i - 2*i = 6. Is ((-2)/2 - -36) + i prime?
False
Let s = -2 - -7. Let q(j) = -24*j - 7. Let x(h) = 24*h + 7. Let y(k) = 4*q(k) + 5*x(k). Is y(s) a prime number?
True
Let j be (-12 - -8)*(-1)/2. Suppose -6 = -j*i - 0*i. Let v(t) = 3*t**2 + 3*t + 1. Is v(i) prime?
True
Suppose 0*n + 3*n = 9. Let p = 95 + -22. Suppose -5*q + p = 2*k, n = -2*k - k. Is q a composite number?
True
Let h(c) = 3*c**3 + 9*c**2 - c + 7. Let m(z) = 13*z**3 + 37*z**2 - 5*z + 29. Let n(f) = 9*h(f) - 2*m(f). Let w be -5 + 1 + 4/(-2). Is n(w) prime?
False
Suppose -5*b + 255 = 2180. Let n = b + 1502. Is n prime?
True
Let d be 16/20*10/2. Suppose 2*r + 3*m + d = -11, 2*r - 4*m = 6. Is (-33)/(-2)*(-2)/r composite?
False
Suppose -x = -3*b - 79, 0 = -x - 3*b + 14 + 65. Is x a prime number?
True
Let m = 4 + -7. Let f(r) = 8*r**2 - 3*r + 2. Is f(m) composite?
False
Let c = -338 + 631. Is c prime?
True
Let w be (-2)/10 - 145/25. Is ((-4)/w)/(10/465) a prime number?
True
Let k(q) = -112*q. Let t be k(-1). Suppose -t = -4*l + 3*l. Suppose 2*c - 4*y + 27 = 3*c, 3*y = 5*c - l. Is c composite?
False
Suppose 7*a = 3*a - 2*t + 9164, 2*a - 4566 = 3*t. Suppose -5*u + a + 2106 = 0. Is u composite?
True
Let j(u) = 5*u**2 - 10*u - 38. Is j(13) composite?
False
Let a be 1/3*3 + 3. Let q(o) = 3*o**3 - 2*o**2 - 5*o + 5. Is q(a) a prime number?
False
Is (194/(-10))/(1/(-5)) a composite number?
False
Let d = -21 + 78. Let v = d - -32. Is v prime?
True
Suppose 6*p = -159 + 7005. Is p prime?
False
Suppose 20*h - 1201 = 19*h. Is h a composite number?
False
Let g = 8 + -11. Is 250/2 - (g + 1) prime?
True
Is 1/(-5) + 266/5 a prime number?
True
Suppose -2*q + 7*q = -500. Let r = 219 + -52. Let j = q + r. Is j a prime number?
True
Suppose 6*x = x + 5*d + 10, -4*x - d + 8 = 0. Suppose -2*q + 20 = m, 3*q - x*m = 23 - 7. Suppose -y - 2 = w - 4*w, y + q = 5*w. Is y composite?
False
Let c be (-12)/6 + 5 + 1. Suppose -3*f = -3*x - 2*x - 2, 0 = c*f - 2*x - 12. Suppose -f*t = t - 635. Is t a composite number?
False
Let g = 110 - 63. Let d = g + -16. Is d composite?
False
Let a(m) = m**2 + 4*m + 7. Is a(-10) composite?
False
Let r(g) be the first derivative of 35*g**3/3 + g**2/2 + g - 3. Is r(-1) composite?
True
Let h(p) = -p**3 + 4*p**2 - 3*p + 2. Let f be h(3). Suppose -5*m = -4*a + 95, -2*m - 8 = -f. Is (-3)/(2*(-2)/a) a composite number?
True
Let n be -11 + 3 + 0 - -2. Let u(d) = d**2 + 3*d + 17. Is u(n) a prime number?
False
Suppose -173 = 3*x - 491. Is x prime?
False
Let j = 11 - 6. Suppose -5*x - 133 = -4*a + 112, j*a - 3*x - 290 = 0. Is a a prime number?
False
Suppose 4*h - 852 - 496 = 0. Is h a composite number?
False
Let c(w) be the first derivative of -15/4*w**4 + w**2 + 3*w - 4 + 2/3*w**3. Is c(-2) prime?
True
Let s = 12 - -121. Is s a composite number?
True
Let z(g) = -g**2 - 5*g. Let m be z(-4). Suppose -c + 70 = m*c. Is c prime?
False
Suppose -4*h + 7*h - 8801 = -5*r, 5279 = 3*r + h. Is r a prime number?
True
Suppose 2*o = -0*o + 238. Suppose -117 = f + o. Let x = -93 - f. Is x composite?
True
Let k(w) = 38*w + 2. Let d be k(11). Let v = d - 277. Suppose 0 = -3*o + 2*f + v, -2*o + 90 = 6*f - 2*f. Is o prime?
True
Let z = 217 - -78. Is z prime?
False
Suppose -2 = -3*s + 10. Let m be s/(-10) + 36/15. Suppose m*q - 27 + 5 = 0. Is q a prime number?
True
Let f = 0 - -3. Let l(o) = 3 + o**3 + f*o**2 + 2 + 5*o**2 + 4*o. Is l(-4) prime?
True
Let s(p) be the third derivative of p**6/120 + 7*p**5/60 + p**4/6 + 5*p**3/6 - p**2. Let x be s(-5). Suppose -2*r + x = -27. Is r composite?
False
Let w(r) = 8*r**2 + r - 4*r - 24*r**3 + 23*r**3 + 9. Is w(7) prime?
True
Let k = -3 - -5. Suppose 2*z = 3*b - 33 + 5, -k*z = 5*b - 20. Is 2/b + 690/9 a composite number?
True
Suppose f + 555 = 3*o, -o - 5*f + 185 = -3*f. Is o a prime number?
False
Suppose 3*k + 5*m = 2661, -2*k - 3*m = -261 - 1513. Is k prime?
True
Let n(l) = 33*l**3 - 3*l**2 + l - 16. Let d(s) = 22*s**3 - 2*s**2 + s - 11. Let b(a) = 7*d(a) - 5*n(a). Let p be b(-2). Is p/2 - (-1)/2 a composite number?
True
Suppose -2*p = p + 15. Let v = p + 10. Suppose 16 = 2*g + 2*g, v*g = -3*h + 158. Is h a prime number?
False
Suppose 3*o = 2*o + 5. Suppose -131 = -k - 2*z, 594 - 76 = 4*k + o*z. Is k a composite number?
False
Let l = 342 - -247. Is l a composite number?
True
Let q(k) = 320 + 29*k**2 - 28*k**2 - 85. Is q(0) a prime number?
False
Suppose 0 = -2*a - 10, -2*x + 4*a - 171 = -3*x. Is x a composite number?
False
Let y = -12 - -9. Let f(c) = 5*c**2 + 3*c + 2. Is f(y) a composite number?
True
Suppose -2*m + 3*u - u = -28, 0 = 4*m - 5*u - 55. Let x = 19 + m. Is x prime?
False
Suppose 3*z + 322 = t, -2*t - 297 = -3*t - 2*z. Is t prime?
True
Let n = -15 + 29. Is n a composite number?
True
Suppose -i + 2*b + 528 = b, -4*b = -3*i + 1579. Is i a prime number?
False
Let u = 2306 + -889. Is u a prime number?
False
Suppose 0 = -5*q - 15 - 25. Let v(u) = -u**3 - 8*u**2 - u - 4. Let h be v(q). Is (-3)/((-6)/h) - -19 composite?
True
Let w(n) = -14*n**2 - 19*n - 9. Let x(z) = -5*z**2 - 6*z - 3. Let m(j) = 2*w(j) - 7*x(j). Is m(-2) composite?
False
Let r(p) = p + 9. Let b be r(-4). Suppose -b*d - 517 = -3*f, 61 = -3*f + d + 594. Is f a prime number?
True
Suppose 0 = -3*y - 526 + 1792. Is y a prime number?
False
Let q(n) = n**3 - 3*n**2 + 6*n - 5. Let b be 6/(-24) - 17/(-4). Is q(b) a prime number?
False
Suppose -18 = 4*k - r, -4*k - 17 = 5*r + 13. Is (k - -7) + (43 - -2) a prime number?
True
Is (-46)/(20/6 + -4) prime?
False
Let t(c) be the first derivative of c**4/4 + 4*c**3/3 - 4*c + 3. Let k be t(-3). Suppose 3*a + k*n - 83 = 0, -3*a + 67 = -0*a + n. Is a a composite number?
True
Let b = 12 - 20. Let d = 5 + b. Is -13*(d + -2) - -2 a prime number?
True
Let l = 271 - 158. Is l composite?
False
Let i(y) = -31*y + 10. Let p be i(-15). Suppose -k - 4*k = -p. Is k composite?
True
Suppose w = 2*j - 0 + 7, j - 1 = -4*w. Is (-26 - 1)*-1 - w prime?
False
Suppose 5*h - 1067 = 3*l, h - 4*l - 186 = 41. Is h composite?
False
Is ((-135)/18 - -8)*(-5492)/(-2) prime?
True
Let u = 947 - 253. Is u a prime number?
False
Let m(o) = 11*o**3 - 12*o**2 - 11*o + 3. Let p(q) = 5*q**3 - 6*q**2 - 5*q + 2. Let y(h) = 3*m(h) - 7*p(h). I